) = -m**3 + 2*m**2 - 15*m - 1. Let p(v) = -6*t(v) + w(v). Let i = 644 + -647. Determine p(i).
-1
Let j(d) be the first derivative of -d**5/20 - 5*d**4/12 - 2*d**3/3 - 3*d**2/2 + 103*d + 192. Let v(s) be the first derivative of j(s). Give v(-4).
-3
Let u(q) be the third derivative of 1/60*q**5 + 0*q - 30 - 1/3*q**3 - 1/24*q**4 - 2*q**2. Give u(-2).
4
Let x(t) = 8*t - 4. Let z(b) = -7*b + 3. Let p(o) = -4*x(o) - 6*z(o). Suppose 217 = -9*g - 98. Let l be (-60)/g - 6/(-21). Calculate p(l).
18
Suppose 0 = 4*s - 74 - 138. Let f = 1729 + -1775. Let r = s + f. Let i(l) = l**2 - 7*l + 4. Determine i(r).
4
Let y(h) = h**3 + h**2 - 1. Let m = 223 - 241. Let w be 6/(-4)*(-2)/(-3). Let r be 32/m - 2*w/(-9). Calculate y(r).
-5
Let p(w) = 2*w**2 - 3*w - 2. Suppose l = 20 - 22. Let z be p(l). Let g(c) = c**2 - 11*c - 9. Determine g(z).
3
Let a(m) = 17*m + 769. Suppose -23*p = -3*z - 135, 225 = -5*z - 16*p + 21*p. Give a(z).
4
Suppose -216 = 3*i - 5*w, i + w - 37 + 117 = 0. Let d = 83 + i. Let q(k) = 2*k - 88 + 94 - 3*k. Determine q(d).
0
Let k(q) = 19*q**3 + 10*q**2 + 7*q + 17. Let y(b) = 22*b**3 + 10*b**2 + 6*b + 16. Let p(t) = 7*k(t) - 6*y(t). Calculate p(-9).
-13
Let y(x) be the third derivative of 11*x**5/30 + x**3/6 - x**2. Let n = -689 + 690. What is y(n)?
23
Let k(q) be the third derivative of q**4/8 + 41*q**3/6 - 3908*q**2. Calculate k(0).
41
Let l(x) = x - 6. Let g(k) = -1. Let n(p) = 7*p - 6. Let b(s) = -4*g(s) + n(s). Let z be b(-1). Calculate l(z).
-15
Let q(u) = u**2 + 31*u - 3. Let f(n) = -5*n**2 - 93*n - 26. Let p(r) = -f(r) - 4*q(r). Calculate p(25).
-112
Let l(t) = -9*t**3 + 19*t - 17 - 21*t**3 + 28*t**3 - 11*t**2 + 3*t**3. Give l(9).
-8
Let d(c) = c**3 - c**2 - c + 4. Let o be d(2). Let b(u) = 5*u - 3*u - o*u**3 + 0*u**3 + 2*u**3 + 1. Determine b(-1).
3
Let p = -15695 - -15696. Let a(g) = g**2 - 9*g + 11. Give a(p).
3
Let f(d) = 13 - 30 - 4*d + 15 - 5*d + d. Calculate f(-7).
54
Let a(p) be the second derivative of -3*p**5/20 - p**4/6 - 7*p**3/3 - 29*p**2/2 - 6210*p. What is a(-2)?
15
Let k(a) be the second derivative of -a**5/20 - a**4/2 + 4*a**2 - 54*a. What is k(-6)?
8
Let u(y) be the second derivative of y**3/6 + 9*y**2/2 + 236*y. Let l be 0/(-3*(-2)/(-3)). Give u(l).
9
Let o(r) be the third derivative of r**8/20160 + 13*r**7/5040 + r**6/120 + 14*r**5/15 + 47*r**2. Let v(q) be the third derivative of o(q). Give v(-12).
-6
Suppose -19*s = -23*s + 8. Suppose -s*x = -2*q - 8, 0 = -x - 2*q + q - 4. Let d(t) be the first derivative of -t**3/3 + t**2/2 - 2*t + 864. What is d(x)?
-2
Let i(c) be the third derivative of -c**7/5040 + c**6/360 - 23*c**5/20 - 38*c**2. Let a(u) be the third derivative of i(u). Give a(6).
-4
Let g(w) = w**2 - 8*w + 7. Let h be g(7). Suppose 5*v - 1 + 1 = h. Suppose 0*q + 5*q = v. Let c(f) = f - 1. Calculate c(q).
-1
Let n(c) be the third derivative of c**9/60480 - c**8/1440 + c**7/5040 - c**6/45 - 31*c**5/20 - c**2. Let w(v) be the third derivative of n(v). What is w(14)?
-2
Let n(y) = 0*y**2 + 44*y - 47*y - y**2 + 2*y. Calculate n(-1).
0
Let r(o) = 2*o**2 + 10*o + 1. Let z(b) = -b**2 - 7*b - 7. Let f be z(-4). Suppose -d + f*g + 8 = 0, -5*d - 26 = -13*g + 10*g. Give r(d).
29
Let c(s) = -s**2 - 8*s - 5. Let p be c(-5). Let k(w) = 14*w - 29*w - 9 - 25*w - 25*w + 64*w. What is k(p)?
-19
Suppose -4*g - 3*v + 7*v = -12, 3*v + 3 = 0. Let m(c) = -c + 5*c**3 - 28*c**3 - 2*c**2 + 4*c**g. Determine m(1).
-22
Let r(y) = -y**3 - 9*y**2 - 11*y - 13. Let s be (8 - (-5 + (13 - -4))) + -4. What is r(s)?
11
Let z(d) = d**3 + 5*d**2 + 5*d - 4. Let f(a) be the second derivative of a**3 + 8*a**2 + a. Let y be f(-10). Let m = 40 + y. Determine z(m).
-8
Let g = 20 + -20. Suppose -12 + g = -w. Let y(d) = 3 - 3*d**2 + 17*d + 4*d**2 - w*d. Give y(-5).
3
Let v be (-14 - -3 - 2/1)*-15. Suppose 21 + v = 9*r. Let s(q) = 3*q + 28*q**3 - 51*q**3 + r*q**3 + 3 - 4*q. Calculate s(0).
3
Let m(a) = 2585*a**2 - 15*a - 2586*a**2 + 11*a - 15 - 9*a - 5. Give m(-12).
-8
Let c(u) = -2*u**3 - 25*u**2 + 82*u + 106. Let f be c(-15). Let s(g) be the third derivative of g**6/30 + g**5/30 - g**4/24 + g**2. What is s(f)?
5
Let k be (-9 - -1) + 0 + 0. Let g(d) be the second derivative of -31*d + 3/2*d**3 + 1/12*d**4 + 5/2*d**2 + 11. Determine g(k).
-3
Suppose 0 - 6 = -s. Let c(g) = 21*g**2 + 3 + 12*g**3 - 1 + 42*g**2 - 58*g**2 - 13*g**3. Determine c(s).
-34
Suppose 3*n + n - 4*l - 364 = 0, 2*n + l - 191 = 0. Let f(o) = -94 + n - o. Let z(h) = h**3 + 3*h**2 - 21*h - 17. Let q be z(-6). Calculate f(q).
-1
Let c(m) = -m**2 - 2*m + 1. Let j = -13 + 14. Let o = -78 + 78. Suppose 4*g + 3*a + 8 = o, -j = 2*g - 3*a + 3. Calculate c(g).
1
Let r(o) be the first derivative of -5*o**2/2 - 5*o + 1064. Suppose -207*w + 15 = -204*w. Calculate r(w).
-30
Let q(r) be the second derivative of -53*r - 1/2*r**2 - 4/3*r**3 + 0. What is q(-3)?
23
Let o(d) = d**2 + d - 1. Let h(n) = -n**3 - 4*n**2 - 55*n - 217. Let p be h(-4). Give o(p).
11
Let y(i) = i**3 + 9*i**2 + 3*i - 44. Let n be (168/(-15))/(-7)*(-50)/30*3. What is y(n)?
-4
Let r(q) be the second derivative of q**5/20 + q**4 + 5*q**3 + 7*q**2/2 - q - 31. Determine r(-8).
23
Suppose z = -5*j + 5*z - 20, -15 = j - 3*z. Let n(v) = 10*v + 8. Let k be n(j). Let a(x) = x**2 - 6*x - 11. Give a(k).
5
Let u(k) = -k**3 - k**2 - 1. Let r = -48 + 103. Suppose -r + 25 = 5*f. Let s(m) = 5*m**3 + 13*m**2 - 3*m - 2. Let d(n) = f*u(n) - s(n). Give d(6).
-10
Let q(a) = -7*a - 2. Let z = -21 - -41. Let c be z/(14/4 + 9/(-6)). Suppose -14*o + 9*o + c = 0. Determine q(o).
-16
Suppose j = 4*n + 52, n - 4*j + 20 - 22 = 0. Let g(u) = -u**2 - 9*u + 74. Determine g(n).
4
Let j = 7265 - 7278. Let t(i) = i + 3. Determine t(j).
-10
Suppose l - 2 = -0, 3*w + l = -31. Let q be (3 + w)/(-4*1/(-2)). Let g(y) = y**3 + 4*y**2 - y - 3. Calculate g(q).
1
Let p be (-525)/(-140)*(-48)/(-10). Suppose p*m = 23*m - 10. Let f(r) = -r + 6. Determine f(m).
4
Let i be (18 - (-212)/(-12))*-3. Let l(t) = 3*t**2 - 3*t - 3. Determine l(i).
3
Suppose -5*t = -t. Let z(j) = -133*j + 10 + 134*j - 21*j**2 + 31*j**2 - 9*j**2. Calculate z(t).
10
Let h(f) = 2*f**3 + 34*f + 35. Let v be h(-1). Let d(w) = -5*w + 6. Calculate d(v).
11
Let h(t) = 52*t - 817. Let p(a) = 18*a - 272. Let v(n) = -3*h(n) + 10*p(n). Calculate v(11).
-5
Let m be 91/(8 + -1) - (4 - 0). Let h(g) = 7*g - 8*g + m + 2*g - 11*g - g**2 + 0*g. Let r be (-3)/12 - 86/8. What is h(r)?
-2
Let g(t) = 22*t + 6. Let k(x) = -3*x - 1. Let w(p) = -15*p - 80. Let a be w(-5). Let l(b) = a*g(b) - 30*k(b). Calculate l(1).
-20
Suppose -4*l - 40 = -4*j + 3*j, -4*j = -l - 100. Let v(t) = -28*t + 6 + 114*t - 27*t - j*t - 36*t. Let s(f) = f. Let d be s(-5). Calculate v(d).
11
Let r(q) = -24*q - 40 - 160*q**2 + 161*q**2 + 63*q. Calculate r(-40).
0
Let x(q) = -3*q - 29. Suppose -4*j - 115 = -7*m, 339*j - 340*j = -3*m + 40. What is x(j)?
10
Let f(s) = -8*s - 105*s**3 - 118*s**3 + 13*s**2 + 3 + 336*s**3 + 11 - 115*s**3. What is f(6)?
2
Let f(y) = -y**2 - 12*y - 5. Let o = -315 - -380. Let c = o + -75. What is f(c)?
15
Let n be (-11 - 221/(-13)) + -1. Let l(j) = -3*j**2 + 0*j**3 + j**3 + 6 - j**2 - 4*j. What is l(n)?
11
Suppose -5*s + 5 = a, s = -3*a + 4*s - 21. Let l be (10/((-140)/7))/((-2)/2612). Let j(g) = 653*g - 1307*g - 2 + l*g. Give j(a).
3
Let h(l) be the first derivative of -l**3/3 + 2*l**2 - l - 1. Suppose 30*p + 105 + 45 = 0. Let v(d) = 2*d**2 - 7*d + 2. Let o(r) = p*h(r) - 3*v(r). Give o(3).
-7
Suppose -2*j = 8, 2*p + 6*j = 3*j - 14. Let x be ((-1)/(-2))/(16/32). Let c(d) = 2*d**2 + 746*d - 5*d**2 + x - 744*d. Give c(p).
-4
Let z be ((-39*(-24)/9)/(-1))/(-2). Let f = z + -52. Let h(a) = 2 - 5*a + f + 4*a + 4. Give h(5).
1
Let j(h) = -29*h**2 - 373*h + 79. Let c(s) = -16*s**2 - 187*s + 39. Let b(r) = -7*c(r) + 4*j(r). Determine b(-46).
-3
Suppose -4*d - 2*d = 132. Let h be 2/(-1) - (17 + d). Let s be 8/(h/(3/2)). Let v(c) = -c**3 + 5*c**2 - 6*c + 5. Calculate v(s).
-3
Let m(t) be the first derivative of t**4/4 + 44*t**3/3 - 23*t**2 - 56*t + 3748. Calculate m(-45).
-11
Let r(d) be the first derivative of -3*d**2/2 + 4*d + 1. Let q = 17284 - 17281. Calculate r(q).
-5
Suppose 3*b - 1 = -x, -3*x + 6 = 2*b - 5*x. Let g(p) = -b + 0*p - p + 7. Let l = -25734 - -25740. Determine g(l).
0
Let n(d) = 7 + 6 - 7*d + 12 - 25 + 8. Calculate n(6).
